1
Suppose 525 + 501 = 9*k. What is the units digit of k?
4
Suppose -12*z = -14*z. What is the units digit of z/(1 - 3) - -31?
1
Suppose 0 = -4*g + 2*g. Suppose 0 = -2*j + q + 38, -2*q + 14 = j - g*j. Suppose 3*t - 12 = 2*u - 0*u, -j = -t - 4*u. What is the units digit of t?
6
What is the hundreds digit of (870/80)/((-6)/(-4))*52?
3
Suppose -488*y + 483*y + 11370 = 0. What is the thousands digit of y?
2
Suppose 8 = -2*n, 0*i + 4*n - 14 = -5*i. Let h(y) = -2*y**3 + 2*y**2 - 3*y + 1. Let p be h(0). Suppose i*x - 2*x = o - 21, x = p. What is the units digit of o?
5
Let c be 5*(-3)/(-3) + 111. Let g = c - -7. What is the hundreds digit of g?
1
Suppose 2317 = -2*g + 5*g + 2*c, -2*g - 5*c = -1552. What is the tens digit of g?
7
Suppose -12*t - 34 = -82. Let r be (0 + -2 - -1) + -30. What is the tens digit of (-2 + 2)/t - r?
3
Suppose a - 143 = p - 603, -2*p - a + 905 = 0. What is the units digit of p?
5
Let c(k) = 3*k + 8*k**3 - 4*k + 5*k**3 + k**3. Let o be 1/(-4 + (-15)/(-3)). What is the tens digit of c(o)?
1
Let k be 6/9*9/2. Suppose 2*d = -u, k*d - 12 + 2 = u. Suppose 5 = -5*r, -3*r = d*m - r - 68. What is the tens digit of m?
3
Let u = 52 - 37. Suppose -4*t = -4*v - 244, 0 = -v - 4*v - u. What is the tens digit of t?
5
Suppose -2*f + 4 = -5*y - 1, 15 = 4*f - 5*y. Suppose f*a - 19 = -0*a - 4*r, -a = 5*r - 8. What is the tens digit of 108/a*4/4?
3
Let h(z) = z**2 + 2*z - 2. Let p = -44 - -52. What is the tens digit of h(p)?
7
Suppose -h + c = -2*c + 3, 2*c = -2*h + 2. Suppose a - 5*g = 73, 4*a + a - 3*g - 343 = h. What is the tens digit of a?
6
Suppose 35040 = 12*m + 12*m. What is the units digit of m?
0
Let z(t) = t - 1. Let c(f) = 2*f**2 - 7. Let u(a) = c(a) - z(a). What is the units digit of u(-4)?
0
Let p(a) = 1. Let y(n) = n**3 + 12*n**2 + 11*n - 15. Let x(i) = -6*p(i) - y(i). What is the units digit of x(-12)?
1
Let t(c) = -3*c**3 - 6*c**2 - 2*c - 4. What is the tens digit of t(-6)?
4
Suppose -5*a + 245 = -t + 50, -180 = -5*a + 4*t. Suppose 20 = -a*c + 41*c. What is the units digit of c?
0
Let o be 286 - (-4)/16*-4. Suppose -3*d = -0*d - o. What is the units digit of d?
5
Let u be (-2362)/(-26) + 16/104. Suppose 0 = -0*d + d - 2*f - u, 5*d + 4*f - 483 = 0. Let z = -60 + d. What is the units digit of z?
5
Suppose 88*y - 90*y + 4 = 0. What is the units digit of y/4 + (-47)/(-2)?
4
Let i be (1 - (-25)/(-10))/((-6)/28). Suppose 8*s - i*s = 3*u + 304, -2*s + 590 = 3*u. What is the tens digit of s?
9
Suppose -r = -5*u - 35 + 1, -3*u - 44 = -r. What is the tens digit of r?
5
Let b = -10 - -14. Suppose -b*y = -3 - 5. Suppose -3*p + 2*p + y*q + 25 = 0, -3*p + 5*q = -78. What is the tens digit of p?
3
Suppose 2*p - 2 = p. Suppose 8 = 3*q + 2*q - 2*u, 12 = -2*q - 3*u. Suppose q = 3*n + p*n - 85. What is the tens digit of n?
1
Let h(k) = 73*k**3 - 6*k**2 + 6*k - 5. What is the units digit of h(2)?
7
Let m = -2 + 5. Suppose z + 15 = 6*b - 2*b, 2*b - 11 = -m*z. Suppose -b*n - 63 = -3*c - 2*n, 0 = c + 3*n - 10. What is the tens digit of c?
1
Let z(w) = -w**3 - 8*w**2 - 4. Let h be z(-8). Let d be (-3546)/(-99) - h/22. Suppose 0 = -s - 2*s + d. What is the tens digit of s?
1
Let v(d) = -101*d + 13. What is the units digit of v(-7)?
0
Let o(u) be the first derivative of -u**4/2 - 4*u**3/3 - 3*u**2 - 12*u - 38. What is the tens digit of o(-4)?
7
What is the units digit of (1 - ((-135)/5 + -1)) + -3?
6
Suppose -3*j = -5*a - 75, -6*j = -2*a - 2*j - 16. Let d = 1 - a. What is the units digit of d?
9
What is the hundreds digit of (-24882)/(-55) - (-4)/(-10)?
4
Let q(g) = -g**2 - 16*g + 32. Let w be q(-18). Let y(f) = 15*f**2 + 4*f - 1. What is the units digit of y(w)?
3
Suppose 2*w + 4*w = 108. What is the tens digit of (w/10)/((-3)/(-30))?
1
Let k = -126 - -470. What is the hundreds digit of k?
3
Let q = -15 + 11. Let r be (-2)/(3*(-8)/36). What is the units digit of q/(-4) + (r - -36)?
0
Suppose 18*o + 201 = 19*o. Suppose 2*f = -2*f - 4, 2*g + 5*f = o. What is the units digit of g?
3
Suppose 7*h = 11*h - 224. Let z = h - -5. What is the units digit of z?
1
Suppose 4*a = 210 + 198. Suppose 2*o - 3*o + 3 = 0. Suppose 2*k = -2*n - 2*k + 52, -5*n - o*k = -a. What is the tens digit of n?
1
Let f = 87 + 380. What is the hundreds digit of f?
4
Let c(j) = j**2 + j - 6. Let n(g) = -4*g - 1. Let o be n(-2). Let f be c(o). Let u = f + -13. What is the units digit of u?
7
Suppose 3*n + 36 = 2*l + 235, -5*l + 101 = 2*n. What is the units digit of (-52 + 0)*(-7 + n/12)?
1
What is the units digit of -1332*4*6/(-72)?
4
Let l be 0 - 0 - 18/(-6). Suppose -5*z = -k + 45, -3*z - 5*k = -l + 2. What is the units digit of z/16 + 114/4?
8
Let x be -1 + 20/(6 + -2). Suppose 0 = -x*z + 17 + 3. Suppose -z*y + 66 = -129. What is the units digit of y?
9
What is the units digit of 27/(-36) - (-837)/12?
9
Let s = 14 + -10. Suppose -s*n - m = -366, -2*n - 5*m + 149 = -25. What is the units digit of n?
2
Let j(u) = -u**3 - u**2 + u + 8. Let q be j(0). Suppose -172 = 4*y - q*y. What is the tens digit of y?
4
Suppose 5*y + 5*p = 2585, 12*p - 7*p + 523 = y. What is the units digit of y?
8
Suppose 10*l - 13*l = -150. What is the units digit of 2/(-8) - l/(-8)?
6
Suppose 3*p - 5*j = 179, -3*j + 16 + 78 = 2*p. Suppose 5*y - 93 = -0*y + 2*d, 2*y + d - 30 = 0. Suppose p = 2*n - y. What is the tens digit of n?
3
Suppose 2*a - 42 = 5*h, -3*a - 5*h + 22 = -a. Let m = -18 + a. What is the tens digit of (90/12)/((-1)/m)?
1
Let p(o) = o - 7*o**3 + 0*o**2 + 5*o**3 + 4*o**2 - 3*o**2. Let i be p(2). Let a(v) = v**3 + 9*v**2 - 13*v + 8. What is the tens digit of a(i)?
3
Suppose 3*f = -3*h + 2079, -5*f - h = -5354 + 1901. What is the hundreds digit of f?
6
Let n(x) = 93*x - 132. What is the hundreds digit of n(6)?
4
Let n be (-1 - (8 + 1))*4/4. Let s = -44 + 28. Let q = n - s. What is the units digit of q?
6
Let u(l) = l**3 + 11*l**2 - 3*l - 6. Let p be u(-8). Suppose a - p = 6*a. Let i = -30 - a. What is the tens digit of i?
1
Let y = 86 - 83. What is the units digit of -21*(3 - (y - -7))?
7
Suppose -5*n + 5*t - 8 = 2, 35 = 5*n + 4*t. Let l be 1 - (0/4)/(-4). Suppose -l = n*o - 4. What is the units digit of o?
1
What is the hundreds digit of (35 - 33) + 502 + -1?
5
Suppose -3*j + 12 = j. Let g = -629 - -631. Suppose -j*k = g*k - 175. What is the units digit of k?
5
Let d = -56 + 66. What is the tens digit of (6164/(-115))/((-4)/d)?
3
Let c(o) = -o**3 - 5*o**2 + 5*o - 2. Suppose 3*f + 10 = -8. Let r be c(f). Suppose 105 = r*s - 2*y + y, 2*y = 2*s - 60. What is the tens digit of s?
2
Let a(y) = -5*y - 16. Suppose -2*o + 3 = 3*p - 21, -12 = -o - 4*p. Suppose o*m + 18 = 9*m. What is the tens digit of a(m)?
1
Let t be (-16 + 3 - 2)*-4*3. Suppose -2*m + 6*y - 2*y = -t, 5*m - 465 = 5*y. What is the units digit of m?
6
Suppose -3*h + h + 10 = 0, 4*k - 2*h = -34. Let d(n) = 3*n + 17. Let t be d(k). What is the tens digit of (-16 + 3)*(t - 2)?
3
Let d(g) = 11*g**2 + 2*g - 1. Let w be 4/(-2) + (7 - 5). Suppose w = 3*j - 5*c + 22, -15 = 5*j - c - 3*c. What is the units digit of d(j)?
2
Let r be -6*(-2)/(-8)*-2. Suppose -r*z + 2*s - 3 = -18, 4*s + 20 = 4*z. Suppose -3*t - 3*m = -18, 2*m = z*t - 3*m - 20. What is the units digit of t?
5
Suppose -433 = -6*h - 49. Suppose 5*y + w - 205 = 0, -w + 47 = 2*y - 38. Suppose -4*s = 4*n - h, -s + 5*n + y = -0*n. What is the tens digit of s?
2
Let g(m) = 3*m**3 - 5*m**2 - 4*m + 1. Let x(u) = -u**2 - u. Let j(s) = -g(s) + 4*x(s). Let l be j(-1). Suppose -l*d = -13 - 8. What is the units digit of d?
7
Suppose 27 + 100 = -5*w - 4*z, 4*z = 8. Let v = w - -32. Suppose -2*p = s - 0*s - 139, 364 = v*p - 3*s. What is the tens digit of p?
7
Let k(w) = -27*w**2 + w + 1. Let p be k(2). Let t = -50 - p. What is the tens digit of t?
5
Suppose -y = -3*p - 21, -3*p = -2*y - 0*p + 33. Suppose o = y*o - 187. What is the tens digit of o?
1
Let x(f) be the second derivative of 4*f + 11*f**2 + 0 + 1/12*f**4 - 1/6*f**3. What is the units digit of x(0)?
2
Let c(z) = 85*z**2 + 12*z + 115. What is the tens digit of c(-7)?
9
Let m be 0 - 2*12/(-8). Let t be (-4)/m*(-3)/2. Suppose -2*u = -7*a + 3*a - 42, t*a = -3*u + 47. What is the units digit of u?
7
Suppose -8*k + 3*k = 35. What is the units digit of (3 - (-23)/(-7)) + (-2284)/k?
6
Suppose 0 = 4*z + z. What is the units digit of (-3)/3*(z - 22)?
2
Let 